{"id":2,"date":"2016-05-10T03:48:21","date_gmt":"2016-05-10T03:48:21","guid":{"rendered":"https:\/\/iheartbooks.ch\/?page_id=2"},"modified":"2022-11-27T14:56:54","modified_gmt":"2022-11-27T14:56:54","slug":"sample-page","status":"publish","type":"page","link":"https:\/\/warpelmeisen.ch\/?page_id=2","title":{"rendered":"Das Projekt"},"content":{"rendered":"\n<p>Warum f\u00fcttern wir die V\u00f6gel im Wald und nicht im Dorf?<\/p>\n\n\n<p><\/p>\n<blockquote>\n<p>In der Winterzeit, in der die Futterm\u00f6glichkeiten rarer werden, w\u00fcrden die V\u00f6gel den Wald auf Futtersuche verlassen. Die Alternative ist das im Dorf vorhandene Futter. Doch die Gefahrenquellen sind im Wohngebiet sehr hoch \u2013 Katzen, Fensterscheiben und fahrende Autos. \u00dcbrigens werden im Wohnnquartier zu 70% nur Kulturfolger gef\u00fcttert, die wiederum im Fr\u00fchjahr wohlern\u00e4hrt und fruchtbar sich zeigen.<\/p>\n<\/blockquote>\n<p>Um dies zu verhindern, haben wir im gesamten Warpelgebiet an diversen Stellen selbst entworfene und hergestellte Futterautomaten, sowie auch selbst entworfene und hergestellte Fettst\u00e4mmchen positioniert.<\/p>\n<p><\/p>\n<p>F\u00fcnf Wildtierkameras werden in regelm\u00e4ssigen Abst\u00e4nden an den verschiedenen Futterstellen montiert. Die Fotos dienen der Dokumentation der V\u00f6gel, welche an die Futterstellen kommen.<\/p>\n\n\n<figure class=\"wp-block-gallery has-nested-images columns-3 is-cropped wp-block-gallery-1 is-layout-flex wp-block-gallery-is-layout-flex\">\n<figure class=\"wp-block-image size-large\"><img loading=\"lazy\" decoding=\"async\" width=\"576\" height=\"1024\" data-id=\"313\" src=\"https:\/\/warpelmeisen.ch\/wp-content\/uploads\/2022\/01\/IMG-20211116-WA0007-576x1024.jpeg\" alt=\"\" class=\"wp-image-313\" srcset=\"https:\/\/warpelmeisen.ch\/wp-content\/uploads\/2022\/01\/IMG-20211116-WA0007-576x1024.jpeg 576w, https:\/\/warpelmeisen.ch\/wp-content\/uploads\/2022\/01\/IMG-20211116-WA0007-169x300.jpeg 169w, https:\/\/warpelmeisen.ch\/wp-content\/uploads\/2022\/01\/IMG-20211116-WA0007-768x1365.jpeg 768w, https:\/\/warpelmeisen.ch\/wp-content\/uploads\/2022\/01\/IMG-20211116-WA0007-864x1536.jpeg 864w, https:\/\/warpelmeisen.ch\/wp-content\/uploads\/2022\/01\/IMG-20211116-WA0007-1152x2048.jpeg 1152w, https:\/\/warpelmeisen.ch\/wp-content\/uploads\/2022\/01\/IMG-20211116-WA0007-scaled.jpeg 1440w\" sizes=\"auto, (max-width: 576px) 100vw, 576px\" \/><\/figure>\n\n\n\n<figure class=\"wp-block-image size-large\"><img loading=\"lazy\" decoding=\"async\" width=\"768\" height=\"1024\" data-id=\"352\" src=\"https:\/\/warpelmeisen.ch\/wp-content\/uploads\/2022\/01\/IMG_20211207_154744-Kopie-768x1024.jpg\" alt=\"\" class=\"wp-image-352\" srcset=\"https:\/\/warpelmeisen.ch\/wp-content\/uploads\/2022\/01\/IMG_20211207_154744-Kopie-768x1024.jpg 768w, https:\/\/warpelmeisen.ch\/wp-content\/uploads\/2022\/01\/IMG_20211207_154744-Kopie-225x300.jpg 225w, https:\/\/warpelmeisen.ch\/wp-content\/uploads\/2022\/01\/IMG_20211207_154744-Kopie-1152x1536.jpg 1152w, https:\/\/warpelmeisen.ch\/wp-content\/uploads\/2022\/01\/IMG_20211207_154744-Kopie-1536x2048.jpg 1536w, https:\/\/warpelmeisen.ch\/wp-content\/uploads\/2022\/01\/IMG_20211207_154744-Kopie-scaled.jpg 1920w\" sizes=\"auto, (max-width: 768px) 100vw, 768px\" \/><\/figure>\n\n\n\n<figure class=\"wp-block-image size-large\"><img loading=\"lazy\" decoding=\"async\" width=\"768\" height=\"1024\" data-id=\"386\" src=\"https:\/\/warpelmeisen.ch\/wp-content\/uploads\/2022\/01\/IMG_20220105_124312-768x1024.jpg\" alt=\"\" class=\"wp-image-386\" srcset=\"https:\/\/warpelmeisen.ch\/wp-content\/uploads\/2022\/01\/IMG_20220105_124312-768x1024.jpg 768w, https:\/\/warpelmeisen.ch\/wp-content\/uploads\/2022\/01\/IMG_20220105_124312-225x300.jpg 225w, https:\/\/warpelmeisen.ch\/wp-content\/uploads\/2022\/01\/IMG_20220105_124312-1152x1536.jpg 1152w, https:\/\/warpelmeisen.ch\/wp-content\/uploads\/2022\/01\/IMG_20220105_124312-1536x2048.jpg 1536w, https:\/\/warpelmeisen.ch\/wp-content\/uploads\/2022\/01\/IMG_20220105_124312-scaled.jpg 1920w\" sizes=\"auto, (max-width: 768px) 100vw, 768px\" \/><figcaption class=\"wp-element-caption\">oznorCB_vivi<\/figcaption><\/figure>\n<\/figure>\n\n\n\n<p><\/p>\n\n\n\n<figure class=\"wp-block-gallery has-nested-images columns-default is-cropped wp-block-gallery-2 is-layout-flex wp-block-gallery-is-layout-flex\">\n<figure class=\"wp-block-image size-large\"><img loading=\"lazy\" decoding=\"async\" width=\"1024\" height=\"576\" data-id=\"361\" src=\"https:\/\/warpelmeisen.ch\/wp-content\/uploads\/2022\/01\/IMG_20211127_153134-1-1024x576.jpg\" alt=\"\" class=\"wp-image-361\" srcset=\"https:\/\/warpelmeisen.ch\/wp-content\/uploads\/2022\/01\/IMG_20211127_153134-1-1024x576.jpg 1024w, https:\/\/warpelmeisen.ch\/wp-content\/uploads\/2022\/01\/IMG_20211127_153134-1-300x169.jpg 300w, https:\/\/warpelmeisen.ch\/wp-content\/uploads\/2022\/01\/IMG_20211127_153134-1-768x432.jpg 768w, https:\/\/warpelmeisen.ch\/wp-content\/uploads\/2022\/01\/IMG_20211127_153134-1-1536x864.jpg 1536w, https:\/\/warpelmeisen.ch\/wp-content\/uploads\/2022\/01\/IMG_20211127_153134-1-2048x1152.jpg 2048w, https:\/\/warpelmeisen.ch\/wp-content\/uploads\/2022\/01\/IMG_20211127_153134-1-421x237.jpg 421w\" sizes=\"auto, (max-width: 1024px) 100vw, 1024px\" \/><figcaption class=\"wp-element-caption\">Auswertung der Bilder von den Wildkameras<\/figcaption><\/figure>\n<\/figure>\n\n\n\n<p><\/p>\n\n\n\n<figure class=\"wp-block-gallery has-nested-images columns-default is-cropped wp-block-gallery-3 is-layout-flex wp-block-gallery-is-layout-flex\">\n<figure class=\"wp-block-image size-large\"><img loading=\"lazy\" decoding=\"async\" width=\"768\" height=\"1024\" data-id=\"283\" src=\"https:\/\/warpelmeisen.ch\/wp-content\/uploads\/2022\/01\/IMG_20211218_150107-768x1024.jpg\" alt=\"\" class=\"wp-image-283\" srcset=\"https:\/\/warpelmeisen.ch\/wp-content\/uploads\/2022\/01\/IMG_20211218_150107-768x1024.jpg 768w, https:\/\/warpelmeisen.ch\/wp-content\/uploads\/2022\/01\/IMG_20211218_150107-225x300.jpg 225w, https:\/\/warpelmeisen.ch\/wp-content\/uploads\/2022\/01\/IMG_20211218_150107-1152x1536.jpg 1152w, https:\/\/warpelmeisen.ch\/wp-content\/uploads\/2022\/01\/IMG_20211218_150107-1536x2048.jpg 1536w, https:\/\/warpelmeisen.ch\/wp-content\/uploads\/2022\/01\/IMG_20211218_150107-scaled.jpg 1920w\" sizes=\"auto, (max-width: 768px) 100vw, 768px\" \/><\/figure>\n\n\n\n<figure class=\"wp-block-image size-large\"><img loading=\"lazy\" decoding=\"async\" width=\"768\" height=\"1024\" data-id=\"316\" src=\"https:\/\/warpelmeisen.ch\/wp-content\/uploads\/2022\/01\/IMG_20211228_170037-1-768x1024.jpg\" alt=\"\" class=\"wp-image-316\" srcset=\"https:\/\/warpelmeisen.ch\/wp-content\/uploads\/2022\/01\/IMG_20211228_170037-1-768x1024.jpg 768w, https:\/\/warpelmeisen.ch\/wp-content\/uploads\/2022\/01\/IMG_20211228_170037-1-225x300.jpg 225w, https:\/\/warpelmeisen.ch\/wp-content\/uploads\/2022\/01\/IMG_20211228_170037-1-1152x1536.jpg 1152w, https:\/\/warpelmeisen.ch\/wp-content\/uploads\/2022\/01\/IMG_20211228_170037-1-1536x2048.jpg 1536w, https:\/\/warpelmeisen.ch\/wp-content\/uploads\/2022\/01\/IMG_20211228_170037-1-scaled.jpg 1920w\" sizes=\"auto, (max-width: 768px) 100vw, 768px\" \/><\/figure>\n\n\n\n<figure class=\"wp-block-image size-large\"><img loading=\"lazy\" decoding=\"async\" width=\"804\" height=\"1024\" data-id=\"286\" src=\"https:\/\/warpelmeisen.ch\/wp-content\/uploads\/2022\/01\/IMG_20211214_182340-804x1024.jpg\" alt=\"\" class=\"wp-image-286\" srcset=\"https:\/\/warpelmeisen.ch\/wp-content\/uploads\/2022\/01\/IMG_20211214_182340-804x1024.jpg 804w, https:\/\/warpelmeisen.ch\/wp-content\/uploads\/2022\/01\/IMG_20211214_182340-236x300.jpg 236w, https:\/\/warpelmeisen.ch\/wp-content\/uploads\/2022\/01\/IMG_20211214_182340-768x978.jpg 768w, https:\/\/warpelmeisen.ch\/wp-content\/uploads\/2022\/01\/IMG_20211214_182340-1206x1536.jpg 1206w, https:\/\/warpelmeisen.ch\/wp-content\/uploads\/2022\/01\/IMG_20211214_182340-1608x2048.jpg 1608w, https:\/\/warpelmeisen.ch\/wp-content\/uploads\/2022\/01\/IMG_20211214_182340-scaled.jpg 2010w\" sizes=\"auto, (max-width: 804px) 100vw, 804px\" \/><figcaption class=\"wp-element-caption\">Maus auf der Suche nach Futter<\/figcaption><\/figure>\n<\/figure>\n\n\n\n<p>Da unsere Futterstellen auch grosse Beliebtheit bei M\u00e4usen (wie man auf den Bildern oben unschwer entdecken kann) geweckt hat, haben wir neu jetzt \u00fcberall \u00bbFutter-Galgen\u00ab mit M\u00e4use-Schutz Alufolie aufgestellt. <\/p>\n\n\n\n<figure class=\"wp-block-gallery has-nested-images columns-default is-cropped wp-block-gallery-4 is-layout-flex wp-block-gallery-is-layout-flex\">\n<figure class=\"wp-block-image size-large\"><img loading=\"lazy\" decoding=\"async\" width=\"768\" height=\"1024\" data-id=\"289\" src=\"https:\/\/warpelmeisen.ch\/wp-content\/uploads\/2022\/01\/IMG_20211218_100743-768x1024.jpg\" alt=\"\" class=\"wp-image-289\" srcset=\"https:\/\/warpelmeisen.ch\/wp-content\/uploads\/2022\/01\/IMG_20211218_100743-768x1024.jpg 768w, https:\/\/warpelmeisen.ch\/wp-content\/uploads\/2022\/01\/IMG_20211218_100743-225x300.jpg 225w, https:\/\/warpelmeisen.ch\/wp-content\/uploads\/2022\/01\/IMG_20211218_100743-1152x1536.jpg 1152w, https:\/\/warpelmeisen.ch\/wp-content\/uploads\/2022\/01\/IMG_20211218_100743-1536x2048.jpg 1536w, https:\/\/warpelmeisen.ch\/wp-content\/uploads\/2022\/01\/IMG_20211218_100743-scaled.jpg 1920w\" sizes=\"auto, (max-width: 768px) 100vw, 768px\" \/><\/figure>\n\n\n\n<figure class=\"wp-block-image size-large\"><img loading=\"lazy\" decoding=\"async\" width=\"768\" height=\"1024\" data-id=\"290\" src=\"https:\/\/warpelmeisen.ch\/wp-content\/uploads\/2022\/01\/IMG_20211218_094639-768x1024.jpg\" alt=\"\" class=\"wp-image-290\" srcset=\"https:\/\/warpelmeisen.ch\/wp-content\/uploads\/2022\/01\/IMG_20211218_094639-768x1024.jpg 768w, https:\/\/warpelmeisen.ch\/wp-content\/uploads\/2022\/01\/IMG_20211218_094639-225x300.jpg 225w, https:\/\/warpelmeisen.ch\/wp-content\/uploads\/2022\/01\/IMG_20211218_094639-1152x1536.jpg 1152w, https:\/\/warpelmeisen.ch\/wp-content\/uploads\/2022\/01\/IMG_20211218_094639-1536x2048.jpg 1536w, https:\/\/warpelmeisen.ch\/wp-content\/uploads\/2022\/01\/IMG_20211218_094639-scaled.jpg 1920w\" sizes=\"auto, (max-width: 768px) 100vw, 768px\" \/><\/figure>\n\n\n\n<figure class=\"wp-block-image size-large\"><img loading=\"lazy\" decoding=\"async\" width=\"768\" height=\"1024\" data-id=\"291\" src=\"https:\/\/warpelmeisen.ch\/wp-content\/uploads\/2022\/01\/IMG_20211221_105625-768x1024.jpg\" alt=\"\" class=\"wp-image-291\" srcset=\"https:\/\/warpelmeisen.ch\/wp-content\/uploads\/2022\/01\/IMG_20211221_105625-768x1024.jpg 768w, https:\/\/warpelmeisen.ch\/wp-content\/uploads\/2022\/01\/IMG_20211221_105625-225x300.jpg 225w, https:\/\/warpelmeisen.ch\/wp-content\/uploads\/2022\/01\/IMG_20211221_105625-1152x1536.jpg 1152w, https:\/\/warpelmeisen.ch\/wp-content\/uploads\/2022\/01\/IMG_20211221_105625-1536x2048.jpg 1536w, https:\/\/warpelmeisen.ch\/wp-content\/uploads\/2022\/01\/IMG_20211221_105625-scaled.jpg 1920w\" sizes=\"auto, (max-width: 768px) 100vw, 768px\" \/><\/figure>\n\n\n\n<figure class=\"wp-block-image size-large\"><img loading=\"lazy\" decoding=\"async\" width=\"768\" height=\"1024\" data-id=\"292\" src=\"https:\/\/warpelmeisen.ch\/wp-content\/uploads\/2022\/01\/IMG_20211218_155620-768x1024.jpg\" alt=\"\" class=\"wp-image-292\" srcset=\"https:\/\/warpelmeisen.ch\/wp-content\/uploads\/2022\/01\/IMG_20211218_155620-768x1024.jpg 768w, https:\/\/warpelmeisen.ch\/wp-content\/uploads\/2022\/01\/IMG_20211218_155620-225x300.jpg 225w, https:\/\/warpelmeisen.ch\/wp-content\/uploads\/2022\/01\/IMG_20211218_155620-1152x1536.jpg 1152w, https:\/\/warpelmeisen.ch\/wp-content\/uploads\/2022\/01\/IMG_20211218_155620-1536x2048.jpg 1536w, https:\/\/warpelmeisen.ch\/wp-content\/uploads\/2022\/01\/IMG_20211218_155620-scaled.jpg 1920w\" sizes=\"auto, (max-width: 768px) 100vw, 768px\" \/><\/figure>\n<\/figure>\n\n\n\n<p>Jede Futterstation wurde mit folgendem Aushang beschriftet:<\/p>\n\n\n\n<figure class=\"wp-block-image size-large\"><img loading=\"lazy\" decoding=\"async\" width=\"1024\" height=\"768\" src=\"https:\/\/warpelmeisen.ch\/wp-content\/uploads\/2022\/11\/IMG_20220108_113223-bearbeitet-1024x768.jpg\" alt=\"\" class=\"wp-image-622\" srcset=\"https:\/\/warpelmeisen.ch\/wp-content\/uploads\/2022\/11\/IMG_20220108_113223-bearbeitet-1024x768.jpg 1024w, https:\/\/warpelmeisen.ch\/wp-content\/uploads\/2022\/11\/IMG_20220108_113223-bearbeitet-300x225.jpg 300w, https:\/\/warpelmeisen.ch\/wp-content\/uploads\/2022\/11\/IMG_20220108_113223-bearbeitet-768x576.jpg 768w, https:\/\/warpelmeisen.ch\/wp-content\/uploads\/2022\/11\/IMG_20220108_113223-bearbeitet-1536x1152.jpg 1536w, https:\/\/warpelmeisen.ch\/wp-content\/uploads\/2022\/11\/IMG_20220108_113223-bearbeitet-2048x1536.jpg 2048w, https:\/\/warpelmeisen.ch\/wp-content\/uploads\/2022\/11\/IMG_20220108_113223-bearbeitet-400x300.jpg 400w\" sizes=\"auto, (max-width: 1024px) 100vw, 1024px\" \/><\/figure>\n\n\n\n<p><\/p>\n\n\n\n<figure class=\"wp-block-image size-large\"><img loading=\"lazy\" decoding=\"async\" width=\"1024\" height=\"728\" src=\"https:\/\/warpelmeisen.ch\/wp-content\/uploads\/2022\/11\/IMG_20221127_150922-1024x728.jpg\" alt=\"\" class=\"wp-image-631\" srcset=\"https:\/\/warpelmeisen.ch\/wp-content\/uploads\/2022\/11\/IMG_20221127_150922-1024x728.jpg 1024w, https:\/\/warpelmeisen.ch\/wp-content\/uploads\/2022\/11\/IMG_20221127_150922-300x213.jpg 300w, https:\/\/warpelmeisen.ch\/wp-content\/uploads\/2022\/11\/IMG_20221127_150922-768x546.jpg 768w, https:\/\/warpelmeisen.ch\/wp-content\/uploads\/2022\/11\/IMG_20221127_150922-1536x1092.jpg 1536w, https:\/\/warpelmeisen.ch\/wp-content\/uploads\/2022\/11\/IMG_20221127_150922-2048x1456.jpg 2048w, https:\/\/warpelmeisen.ch\/wp-content\/uploads\/2022\/11\/IMG_20221127_150922-421x300.jpg 421w\" sizes=\"auto, (max-width: 1024px) 100vw, 1024px\" \/><\/figure>\n\n\n\n<p><\/p>\n\n\n\n<figure class=\"wp-block-image size-large is-resized\"><img loading=\"lazy\" decoding=\"async\" src=\"https:\/\/warpelmeisen.ch\/wp-content\/uploads\/2022\/01\/IMG_20220114_160817-768x1024.jpg\" alt=\"\" class=\"wp-image-457\" width=\"921\" height=\"1228\" srcset=\"https:\/\/warpelmeisen.ch\/wp-content\/uploads\/2022\/01\/IMG_20220114_160817-768x1024.jpg 768w, https:\/\/warpelmeisen.ch\/wp-content\/uploads\/2022\/01\/IMG_20220114_160817-225x300.jpg 225w, https:\/\/warpelmeisen.ch\/wp-content\/uploads\/2022\/01\/IMG_20220114_160817-1152x1536.jpg 1152w, https:\/\/warpelmeisen.ch\/wp-content\/uploads\/2022\/01\/IMG_20220114_160817-1536x2048.jpg 1536w, https:\/\/warpelmeisen.ch\/wp-content\/uploads\/2022\/01\/IMG_20220114_160817-scaled.jpg 1920w\" sizes=\"auto, (max-width: 921px) 100vw, 921px\" \/><\/figure>\n\n\n\n<p>Wir sind autonom und nicht an einen Verein oder an eine Organisation angebunden. F\u00fcr uns sind die Warpelmeisen ein Herzensprojekt. Wir geben gerne \u00fcber das Projekt Ausk\u00fcnfte: <a href=\"mailto:info@warpelmeisen.ch\" target=\"_blank\" rel=\"noreferrer noopener\">info@warpelmeisen.ch<\/a> <\/p>\n","protected":false},"excerpt":{"rendered":"<p>Warum f\u00fcttern wir die V\u00f6gel im Wald und nicht im Dorf? In der Winterzeit, in der die Futterm\u00f6glichkeiten rarer werden, w\u00fcrden die V\u00f6gel den Wald &hellip;<\/p>\n","protected":false},"author":1,"featured_media":0,"parent":0,"menu_order":2,"comment_status":"closed","ping_status":"closed","template":"","meta":{"footnotes":""},"class_list":["post-2","page","type-page","status-publish","hentry"],"_links":{"self":[{"href":"https:\/\/warpelmeisen.ch\/index.php?rest_route=\/wp\/v2\/pages\/2","targetHints":{"allow":["GET"]}}],"collection":[{"href":"https:\/\/warpelmeisen.ch\/index.php?rest_route=\/wp\/v2\/pages"}],"about":[{"href":"https:\/\/warpelmeisen.ch\/index.php?rest_route=\/wp\/v2\/types\/page"}],"author":[{"embeddable":true,"href":"https:\/\/warpelmeisen.ch\/index.php?rest_route=\/wp\/v2\/users\/1"}],"replies":[{"embeddable":true,"href":"https:\/\/warpelmeisen.ch\/index.php?rest_route=%2Fwp%2Fv2%2Fcomments&post=2"}],"version-history":[{"count":29,"href":"https:\/\/warpelmeisen.ch\/index.php?rest_route=\/wp\/v2\/pages\/2\/revisions"}],"predecessor-version":[{"id":641,"href":"https:\/\/warpelmeisen.ch\/index.php?rest_route=\/wp\/v2\/pages\/2\/revisions\/641"}],"wp:attachment":[{"href":"https:\/\/warpelmeisen.ch\/index.php?rest_route=%2Fwp%2Fv2%2Fmedia&parent=2"}],"curies":[{"name":"wp","href":"https:\/\/api.w.org\/{rel}","templated":true}]}}